e units digit of p?
3
Let d(v) = -5*v + 0 - 1 + 1. Let q be d(-12). Suppose u + 2*u - q = 0. What is the tens digit of u?
2
Suppose l = 40 + 111. What is the tens digit of l?
5
Let s = 111 - 108. Suppose 0 = 5*w - 3*k - 1095, s*k = w - 23 - 208. What is the hundreds digit of w?
2
Let x(g) = 26*g**2 - g - 1. Let s be x(-1). Suppose -o - 4*t - 25 = 0, 0 = 2*o + 2*t - 0*t + s. What is the units digit of (o/2 - -1)*-4?
4
Let r(s) = -13*s**3 - s**2 + 1. Let t = -11 - -13. Suppose u = 5*x + 19, -t*u + 18 = -4*x - x. What is the units digit of r(u)?
3
Suppose -4*t = -3*m + 11, 2*m - t - 4 = -0. Let y(f) = 51*f**2 - f + 1. What is the tens digit of y(m)?
5
Suppose 8*f = 269 + 91. Let a = f - -117. What is the tens digit of a?
6
Suppose -2*a + 3*x = -860, -4*x - 643 = 4*a - 2363. What is the units digit of a?
0
Suppose -3*y - 10 = -8*y. Suppose -3*b + 516 = -2*s, 3*b - 365 - 163 = -y*s. What is the hundreds digit of b?
1
Let d(b) = -41*b**3 - 2*b + 1. Let c be d(1). Let l = c + 63. What is the units digit of l?
1
Suppose -7*y = 5*y - y. Let m(v) = 2*v**3 - v**2 + 2*v - 1. Let r be m(1). What is the tens digit of (y - (-40 - r)) + -2?
4
Suppose 2*z - 46 = 2*k, 4*z + k - 21 - 51 = 0. Let c = 29 + -12. Let a = z + c. What is the units digit of a?
6
Let p(v) = -v - 1. Let h be (15 - 14)/(2/(-14)). Let s be p(h). Let a(z) = 3*z**2 - 14*z + 8. What is the tens digit of a(s)?
3
Let k = -55 + 60. Suppose 5*r + k*b = 230, r + 5*b = 40 + 14. What is the tens digit of r?
4
Let l(u) = 11*u**2 + 52*u - 7. What is the units digit of l(-8)?
1
Let i = 20 - 20. What is the units digit of (5 - 47)*(-1 - i)/1?
2
Let i(g) = -g**3 + 10*g**2 - 5*g - 6. Let y be i(9). What is the tens digit of y/20*(-500)/(-6)?
2
Suppose -l = -4*h + 13, -4*h + 2*l + 0*l = -10. Suppose -h*d + 152 = -556. What is the hundreds digit of d?
1
Let j = 9 - 5. Suppose 0*c + 74 = j*c - v, 3*c = -3*v + 48. Suppose -3*a + 15 = 2*m, -2*a + c = -m + 5*m. What is the units digit of m?
3
Suppose -j - 2*j = -3*a, 0 = j - 3*a + 6. Suppose -j*v = q + 8, -v + 0*v = 4. What is the units digit of 16/4 + q + -3?
5
Suppose 0 = 5*r - 2*r + 12. Let n be ((-4)/r)/(1/(-17)). Let y = n - -24. What is the units digit of y?
7
Let o = -4 + 6. Suppose 0 = -2*n + 4*j + 134, -5*j + 77 + 39 = o*n. What is the units digit of n?
3
Let q = 92 + -41. Let j = q - 48. What is the units digit of j?
3
Suppose 0 = -y + 38 + 22. Suppose 0*i + 4*i - y = 0. Suppose 0 = -16*f + i*f + 50. What is the tens digit of f?
5
Let o = 304 + -192. Suppose l + o = 5*l. Suppose -u + 32 = u + 2*d, 5*d + l = u. What is the tens digit of u?
1
What is the units digit of ((-5)/3 - -1)*(-1573 - -1)?
8
Let d(o) = 22*o - 130. What is the units digit of d(8)?
6
Let c(h) = h**3 + 16*h**2 - 33*h + 21. What is the tens digit of c(-9)?
8
Suppose -2*l + 695 = 8053. What is the units digit of (-2)/(-15) - l/195?
9
Let c(u) = -58*u - 4 + 67*u + 2. What is the units digit of c(5)?
3
Let o be (7/(42/(-80)))/((-4)/84). Let w = -188 + o. What is the units digit of w?
2
Let z be (0 + 10)*54/45. Let p = z - 12. Suppose -3*i + 3*j + 39 = p, -4*i + 5*j + 48 = 2*j. What is the units digit of i?
9
Let z(w) = -w**2 - 22*w + 51. What is the hundreds digit of z(-19)?
1
Let c = 16 + -13. Suppose h - 4 = c*h. Let w(o) = -17*o + 2. What is the tens digit of w(h)?
3
Suppose -4*d = 5*p - 0*p - 391, -p + 81 = -2*d. Let c be (-4)/18 - p/9. Let y = 16 - c. What is the units digit of y?
5
Let n = -2 - -4. Suppose n - 5 = -l. Suppose b = 1 + l. What is the units digit of b?
4
Suppose 1 + 2 = v. Let d(x) = -5*x**2 - 9*x - 4. Let b(m) = 6*m**2 + 10*m + 4. Let t(q) = -6*b(q) - 7*d(q). What is the units digit of t(v)?
4
Let y(a) = a + 1. Let z(k) = 4*k - 1. Let v(j) = 2*y(j) + z(j). Let l be v(1). What is the tens digit of 28*(0 - l/(-4))?
4
Suppose h + r = 9, 0 = -5*h + 5*r + 27 - 2. Suppose -2*b = 1 + h, -z + 2*b = -12. Let q(u) = 11*u - 6. What is the tens digit of q(z)?
3
Suppose -5*n + 3 = y, -11 = -n + 4*y + y. What is the tens digit of 3/n + (-4 - -70)?
6
Suppose m + 3*z - 3545 = 0, -7089 = -19*m + 17*m - 5*z. What is the thousands digit of m?
3
Let w(s) = -108*s - 819. What is the hundreds digit of w(-32)?
6
Suppose 0 = 4*i + 3*n - 437, -n + 0 = -3. Let l = i - -14. What is the tens digit of l?
2
Let k = 1255 - 707. What is the hundreds digit of k?
5
Suppose 0 = 9*a - 15*a + 12. What is the tens digit of 138*(-5)/a*3/(-9)?
1
Let g be ((-30)/(-4))/(-5)*-2. Let c(n) = n - 3*n - g*n - 4*n - 3. What is the units digit of c(-2)?
5
Let w be (28/(-24)*-39)/((-3)/6). What is the units digit of w/(-5) + 3 + (-16)/5?
8
Suppose -960 = 3*g - 8*g. Suppose 4*y = -4*j + 160, 6*j = j - y + g. Suppose -40 = -3*c + j. What is the units digit of c?
6
Let w(l) be the third derivative of 0*l**3 + 11/24*l**4 + 1/60*l**5 - 7*l**2 + 0 + 0*l. What is the tens digit of w(-13)?
2
Suppose 10*n = -21*n + 18321. What is the hundreds digit of n?
5
Let c(b) be the first derivative of b**2 - 5*b - 15. What is the units digit of c(7)?
9
Suppose 6*b = 2*b + 4. Suppose -c = b - 5. Suppose z = -c*z + 70. What is the tens digit of z?
1
Suppose 2722 = -126*m + 127*m - 5*t, t = -3*m + 8198. What is the units digit of m?
2
Suppose j + 70 = -o - 4*o, -j = -o + 82. Let z = 127 + j. What is the tens digit of z?
4
Let c be 0/(20/5) - 4. Let y be 1/c - (-4326)/56. Suppose 4*v - 5*l = 326, -3*l + 2*l = v - y. What is the units digit of v?
9
Suppose -224*b + 216*b = -9320. What is the tens digit of b?
6
Let d(g) = -3*g**2 + 3*g + 4. Let s be d(-6). Let c = -63 - s. What is the units digit of c?
9
Suppose 79 = -3*c - o, 2*c + 58 - 12 = -2*o. Let f = 30 + c. Suppose 78 = f*s - 22. What is the units digit of s?
0
Let v = -60 - -40. Let g = -21 - v. What is the units digit of ((-16)/(-6))/(g/(-12))?
2
Let g be (10/4 - 4/2)*516. Suppose 51*s - 49*s = g. What is the units digit of s?
9
Suppose -4*h + 732 = 2*i, 11*i - 351 = 10*i + h. What is the units digit of i?
6
Suppose -15*r + 6*r + 10854 = 0. What is the units digit of r?
6
Let f(b) = 3*b**2 + 3*b - 4. Let p be 0/(-2) - (1 + 3)/(-1). What is the tens digit of f(p)?
5
Suppose b - 365 = -2*h + 6*h, 4*b - 4*h - 1400 = 0. What is the hundreds digit of b?
3
Let j(g) = 58*g - 15. Let y(w) = 57*w - 14. Let k(x) = -5*j(x) + 6*y(x). What is the hundreds digit of k(3)?
1
Let t(s) = -s**3 - 11*s**2 - 10*s. Let k be t(-10). Let n = k + -6. What is the units digit of -14*3/n*1?
7
Suppose -n + 5203 = h - 5*n, -10*n - 5185 = -h. What is the tens digit of h?
1
Let f(t) = t**3 - 18*t**2 - 19*t + 3. Let x be f(19). Suppose -2*y + 6*d - 33 = x*d, -3*d = y + 3. What is the tens digit of 8 + y/3 - -30?
3
Let f = -127 + 130. Suppose 2*t = 3*t - v - 170, 0 = -f*v - 3. What is the tens digit of t?
6
What is the units digit of ((-152)/20)/(9 - 30170/3350)?
3
Let f(g) be the first derivative of -45*g**2/2 + 2*g - 17. What is the tens digit of f(-1)?
4
Let f(j) = 3*j**2 + 51*j + 23. What is the hundreds digit of f(-20)?
2
Let c = -69 + 30. Let x = c - -18. Let v = x + 37. What is the tens digit of v?
1
Let a(f) = -f**2 - 7*f + 2. Let v be a(-7). Suppose -5*t = -v*t - 180. What is the units digit of ((-5)/4)/((-3)/t)?
5
Suppose -5*d = 4*u - 273, 3*d - 4*u + 73 = 256. Let s = 113 - d. What is the units digit of s?
6
Let d(o) = -o**3 - o**2 + 4*o + 6. Let s be d(-4). Let c = 46 + 30. Suppose -3*r + s = -c. What is the tens digit of r?
3
Suppose -c + 18 = 4*s, -5*c + 3*c = -4*s + 24. Suppose -s*u = 4*l - 84, 88 = 4*l + u + 3*u. What is the units digit of l?
6
What is the tens digit of ((-1582)/(-4))/((11 - 19)/(-16))?
9
Let p = -105 + 124. What is the units digit of p?
9
Suppose 0 = -96*u + 98*u + 12. What is the hundreds digit of 1058*(-1)/u - (-2)/(-6)?
1
Let x be (5/2)/((-3)/(-210)). Suppose 0 = 4*d + 5*l - x, 5*d = -0*d - 4*l + 230. Let t = 81 - d. What is the tens digit of t?
3
What is the hundreds digit of 5*4/(-40)*14 + 113?
1
Suppose -7*s + 1679 = -876. Suppose -k - s = -6*k. What is the tens digit of k?
7
Suppose -9*k = -5*z - 5*k + 2169, -4*k = z - 453. What is the tens digit of z?
3
Let i be (-8)/(-10)*10/(-4). What is the units digit of -2 - -4 - (25 + i)*-5?
7
Suppose 32*g = 27*g + 1260. What is the units digit of g?
2
Let g(b) = 4*b**2 - 6*b - 3. What is the units digit of g(-6)?
7
Let p be (0 